 of 293600428?
2
What is the hundred thousands digit of 68959827?
9
What is the hundreds digit of 6571768937?
9
What is the units digit of 1688751714?
4
What is the hundred millions digit of 242780588?
2
What is the units digit of 868982929?
9
What is the thousands digit of 59512845?
2
What is the tens digit of 5599202439?
3
What is the hundred millions digit of 176508859?
1
What is the billions digit of 1504975472?
1
What is the tens digit of 1803679927?
2
What is the hundreds digit of 193645648?
6
What is the thousands digit of 1699120152?
0
What is the billions digit of 3463558743?
3
What is the millions digit of 101695765?
1
What is the hundreds digit of 169709285?
2
What is the thousands digit of 6748747?
8
What is the hundred thousands digit of 4069923812?
9
What is the units digit of 611088120?
0
What is the units digit of 1138061063?
3
What is the tens digit of 505618561?
6
What is the hundred thousands digit of 152877393?
8
What is the hundreds digit of 2588913084?
0
What is the units digit of 107237115?
5
What is the thousands digit of 82348701?
8
What is the ten millions digit of 91226856?
9
What is the millions digit of 1496305348?
6
What is the tens digit of 89527157?
5
What is the ten millions digit of 8865659053?
6
What is the hundred millions digit of 303530628?
3
What is the thousands digit of 3038732159?
2
What is the units digit of 58058656?
6
What is the tens digit of 57248610?
1
What is the ten thousands digit of 352033028?
3
What is the tens digit of 8029800230?
3
What is the ten thousands digit of 46515382?
1
What is the hundreds digit of 1445654389?
3
What is the hundred thousands digit of 95572843?
5
What is the ten thousands digit of 2080290973?
9
What is the ten millions digit of 22191998?
2
What is the ten millions digit of 35712698?
3
What is the millions digit of 4768769175?
8
What is the billions digit of 1840263482?
1
What is the hundreds digit of 49665924?
9
What is the tens digit of 842282415?
1
What is the millions digit of 4265540?
4
What is the hundred millions digit of 254943214?
2
What is the millions digit of 756418342?
6
What is the tens digit of 538380221?
2
What is the ten thousands digit of 328934747?
3
What is the hundreds digit of 226297198?
1
What is the billions digit of 3047477529?
3
What is the ten millions digit of 465660264?
6
What is the units digit of 52276738?
8
What is the hundred thousands digit of 322916109?
9
What is the hundreds digit of 584966071?
0
What is the millions digit of 5780054606?
0
What is the ten thousands digit of 424901428?
0
What is the units digit of 35456884?
4
What is the tens digit of 5843739199?
9
What is the hundred thousands digit of 779154323?
1
What is the ten millions digit of 120241128?
2
What is the units digit of 2671416893?
3
What is the units digit of 1218265283?
3
What is the thousands digit of 1482493026?
3
What is the hundreds digit of 8526298?
2
What is the units digit of 3068021173?
3
What is the hundred thousands digit of 41447858?
4
What is the tens digit of 35817371?
7
What is the millions digit of 58167620?
8
What is the hundreds digit of 240434783?
7
What is the hundred thousands digit of 28215131?
2
What is the ten thousands digit of 26383852?
8
What is the hundred millions digit of 400433697?
4
What is the thousands digit of 611434930?
4
What is the hundred thousands digit of 1359950912?
9
What is the tens digit of 116074076?
7
What is the hundreds digit of 479707616?
6
What is the hundred thousands digit of 976357459?
3
What is the ten millions digit of 161688420?
6
What is the hundred millions digit of 215424189?
2
What is the thousands digit of 137911010?
1
What is the millions digit of 96954987?
6
What is the ten thousands digit of 62739377?
3
What is the ten thousands digit of 466826036?
2
What is the hundred millions digit of 323550714?
3
What is the thousands digit of 611590707?
0
What is the units digit of 120879713?
3
What is the hundred millions digit of 123510611?
1
What is the hundred thousands digit of 188062425?
0
What is the tens digit of 53620767?
6
What is the hundred thousands digit of 633842186?
8
What is the billions digit of 2066462169?
2
What is the hundred millions digit of 139431384?
1
What is the thousands digit of 1699066039?
6
What is the hundred millions digit of 1333402053?
3
What is the ten thousands digit of 11963498?
6
What is the millions digit of 224494482?
4
What is the hundred millions digit of 2322997067?
3
What is the units digit of 120019988?
8
What is the hundred millions digit of 177688388?
1
What is the hundred thousands digit of 207149118?
1
What is the millions digit of 3627303558?
7
What is the units digit of 653802068?
8
What is the ten thousands digit of 1452858923?
5
What is the hundred thousands digit of 115321539?
3
What is the tens digit of 146498954?
5
What is the units digit of 73408839?
9
What is the millions digit of 382810289?
2
What is the millions digit of 46776025?
6
What is the tens digit of 45219757?
5
What is the hundreds digit of 3041030845?
8
What is the ten thousands digit of 96470386?
7
What is the hundreds digit of 530278254?
2
What is the units digit of 1925037021?
1
What is the hundreds digit of 363534163?
1
What is the tens digit of 41376806?
0
What is the hundreds digit of 2683772820?
8
What is the hundreds digit of 68598222?
2
What is the ten millions digit of 835610097?
3
What is the tens digit of 3752902912?
1
What is the units digit of 153709732?
2
What is the hundred millions digit of 1576862841?
5
What is the hundred thousands digit of 1795129910?
1
What is the hundreds digit of 855213030?
0
What is the hundreds digit of 1116059113?
1
What is the hundred thousands digit of 3389489468?
4
What is the hundred millions digit of 1788154868?
7
What is the hundreds digit of 1246306?
3
What is the hundreds digit of 986254487?
4
What is the hundred millions digit of 108160506?
1
What is the ten thousands digit of 263997000?
9
What is the hundreds digit of 63011873?
8
What is the hundred thousands digit of 202379138?
3
What is the hundred thousands digit of 864517019?
5
What is the ten thousands digit of 15014081?
1
What is the ten thousands digit of 1095008270?
0
What is the units digit of 71430630?
0
What is the units digit of 39358797?
7
What is the ten thousands digit of 840841933?
4
What is the hundred thousands digit of 43295304?
2
What is the hundred thousands digit of 1380191606?
1
What is the units digit of 35798408?
8
What is the thousands digit of 138527288?
7
What is the hundred thousands digit of 865097162?
0
What is the hundreds digit of 421514539?
5
What is the units digit of 312846128?
8
What is the ten thousands digit of 643697191?
9
What is the hundred millions digit of 8711225980?
7
What is the thousands digit of 103651923?
1
What is the hundreds digit of 70863311?
3
What is the hundreds digit of 1083751062?
0
What is the hundred thousands digit of 504716674?
7
What is the units digit of 64651106?
6
What is the ten millions digit of 50750069?
5
What is the units digit of 114570075?
5
What is the millions digit of 5730400?
5
What is the thousands digit of 3158103096?
3
What is the millions digit of 162362114?
2
What is the hundreds digit of 58863009?
0
What is the ten thousands digit of 26211322?
1
What is the thousands digit of 67554166?
4
What is the hundred thousands digit of 411386649?
3
What is the ten millions digit of 1937437133?
3
What is the hundreds digit of 10259224?
2
What is the units digit of 622329227?
7
What is the ten thousands digit of 8201716?
0
What is the tens digit of 162377214?
1
What is the hundred millions digit of 314005730?
3
What is the ten millions digit of 6324191109?
2
What is the ten millions digit of 1453656604?
5
What is the tens digit of 266306498?
9
What is the units digit of 458219919?
9
What is the ten thousands digit of 782993007?
9
What is the hundred millions digit of 212959050?
2
What is the tens digit of 2814366170?
7
What is the hundreds digit of 47818156?
1
What is the units digit of 5512325658?
8
What is the hundred thousands digit of 971215287?
2
What is the hundreds digit of 30748062?
0
What is the thousands digit of 35279152?
9
What is the hundreds digit of 1935781852?
8
What is the tens digit of 2728003?
